{"id":27,"date":"2021-10-27T12:17:42","date_gmt":"2021-10-27T10:17:42","guid":{"rendered":"http:\/\/www.festvereintriptis.de\/wordpress\/?page_id=27"},"modified":"2021-10-27T12:35:43","modified_gmt":"2021-10-27T10:35:43","slug":"ueber-uns","status":"publish","type":"page","link":"http:\/\/www.festvereintriptis.de\/wordpress\/index.php\/ueber-uns\/","title":{"rendered":"\u00dcber Uns"},"content":{"rendered":"\n<div class=\"wp-block-columns is-layout-flex wp-container-core-columns-is-layout-1 wp-block-columns-is-layout-flex\">\n<div class=\"wp-block-column is-layout-flow wp-block-column-is-layout-flow\">\n<h6 class=\"wp-block-heading\"><strong>Der Vorstand des 1. TSFV e.V.:<\/strong><\/h6>\n\n\n\n<p><strong>Vorsitzender:<\/strong><\/p>\n\n\n\n<ul class=\"wp-block-list\"><li>Michael Horn<\/li><li>Selbst\u00e4ndiger Elektrohandwerksmeister<\/li><\/ul>\n\n\n\n<p><strong>Stellvertretender Vorsitzender:<\/strong><\/p>\n\n\n\n<ul class=\"wp-block-list\"><li>Matthias Schumann<\/li><li>Selbstst\u00e4ndiger Hotelier und Gastronom<\/li><\/ul>\n\n\n\n<p><strong>Schatzmeister:<\/strong><\/p>\n\n\n\n<ul class=\"wp-block-list\"><li>Maik Berrang<\/li><li>Selbst\u00e4ndiger Tankstellenbetreiber<\/li><li>Inhaber Reifendienst<\/li><li>Pr\u00e4sident Triptiser Carneval Verein<\/li><\/ul>\n\n\n\n<p><strong>Beisitzer:<\/strong><\/p>\n\n\n\n<ul class=\"wp-block-list\"><li>Gottfried Schugens<\/li><li>Mitglied des Kreistages SOK<\/li><li>Stellv. Vorsitzender des VdK Landesverbandes Hessen-Th\u00fcringen<\/li><li>Pension\u00e4r<\/li><\/ul>\n\n\n\n<p><\/p>\n\n\n\n<ul class=\"wp-block-list\"><li>Thomas Blau<\/li><li>Selbstst\u00e4ndiger Poststellenbetreiber, Metallwarenherstellung<\/li><\/ul>\n\n\n\n<p>Stand 02.12.2016: Mitgliederversammlung mit Wahl des Vorstandes<\/p>\n<\/div>\n\n\n\n<div class=\"wp-block-column is-layout-flow wp-block-column-is-layout-flow\">\n<h6 class=\"wp-block-heading\"><strong>Ein Auszug unserer Satzung:<\/strong><\/h6>\n\n\n\n<p id=\"u180-2\"><strong>Name, Sitz und Gesch\u00e4ftsjahr<\/strong><\/p>\n\n\n\n<p id=\"u180-4\">Der Verein f\u00fchrt den Namen&nbsp; \u201e1. Triptiser Stadt- und Fest-verein&#8221;; im Folgenden \u201eVerein&#8221; genannt. Der Verein hat seinen Sitz in 07819 Triptis (Anschrift: Adresse des Vorsitzenden) und soll im Vereinsregister beim Amtsgericht P\u00f6\u00dfneck eingetragen werden. Danach tr\u00e4gt er den Zusatz \u201ee.V.&#8221;.&nbsp; Das Gesch\u00e4ftsjahr ist das Kalenderjahr.<\/p>\n\n\n\n<p id=\"u180-7\"><strong>Zweckbestimmung<\/strong><\/p>\n\n\n\n<p id=\"u180-9\">Zweck des Vereins ist die umfassende St\u00e4rkung unserer Heimatstadt Triptis. Diese Zielsetzung und Zweck des Vereins wird insbesondere durch nachfolgende Ma\u00dfnah-men und Aufgabenstellungen verfolgt:<\/p>\n\n\n\n<ul class=\"wp-block-list\" id=\"u180-13\"><li>Pflege, F\u00f6rderung und Erhaltung b\u00fcrgerlicher Traditionen in Triptis<\/li><li>Beteiligung an und Organisation, Durchf\u00fchrung und Gestaltung von Veranstaltungen und Festen<\/li><li>Erhaltung einer lebendigen Innenstadt<\/li><li>Interessenvertretung der ortsans\u00e4ssigen Selbstst\u00e4n-digen und des mittelst\u00e4ndischen Gewerbes<\/li><li>Mitwirkung bei der Gestaltung des Ortsbildes und bei der Umfeldgestaltung<\/li><li>Zusammenarbeit mit ortsans\u00e4ssigen Vereinen, gemeinn\u00fctzigen K\u00f6rperschaften, Verb\u00e4nden sowie \u00f6ffentlich- rechtlichen Tr\u00e4gern<\/li><li>Pflege und F\u00f6rderung der Heimatverbundenheit und des Heimatgedankens<\/li><\/ul>\n<\/div>\n<\/div>\n\n\n\n<p><\/p>\n","protected":false},"excerpt":{"rendered":"<p>Der Vorstand des 1. TSFV e.V.: Vorsitzender: Michael Horn Selbst\u00e4ndiger Elektrohandwerksmeister Stellvertretender Vorsitzender: Matthias Schumann Selbstst\u00e4ndiger Hotelier und Gastronom Schatzmeister: Maik Berrang Selbst\u00e4ndiger Tankstellenbetreiber Inhaber Reifendienst Pr\u00e4sident Triptiser Carneval Verein Beisitzer: Gottfried Schugens Mitglied des Kreistages SOK Stellv. Vorsitzender des VdK Landesverbandes Hessen-Th\u00fcringen Pension\u00e4r Thomas Blau Selbstst\u00e4ndiger Poststellenbetreiber, Metallwarenherstellung Stand &hellip; <\/p>\n","protected":false},"author":1,"featured_media":0,"parent":0,"menu_order":0,"comment_status":"closed","ping_status":"closed","template":"","meta":{"footnotes":""},"class_list":["post-27","page","type-page","status-publish","hentry"],"_links":{"self":[{"href":"http:\/\/www.festvereintriptis.de\/wordpress\/index.php\/wp-json\/wp\/v2\/pages\/27"}],"collection":[{"href":"http:\/\/www.festvereintriptis.de\/wordpress\/index.php\/wp-json\/wp\/v2\/pages"}],"about":[{"href":"http:\/\/www.festvereintriptis.de\/wordpress\/index.php\/wp-json\/wp\/v2\/types\/page"}],"author":[{"embeddable":true,"href":"http:\/\/www.festvereintriptis.de\/wordpress\/index.php\/wp-json\/wp\/v2\/users\/1"}],"replies":[{"embeddable":true,"href":"http:\/\/www.festvereintriptis.de\/wordpress\/index.php\/wp-json\/wp\/v2\/comments?post=27"}],"version-history":[{"count":11,"href":"http:\/\/www.festvereintriptis.de\/wordpress\/index.php\/wp-json\/wp\/v2\/pages\/27\/revisions"}],"predecessor-version":[{"id":74,"href":"http:\/\/www.festvereintriptis.de\/wordpress\/index.php\/wp-json\/wp\/v2\/pages\/27\/revisions\/74"}],"wp:attachment":[{"href":"http:\/\/www.festvereintriptis.de\/wordpress\/index.php\/wp-json\/wp\/v2\/media?parent=27"}],"curies":[{"name":"wp","href":"https:\/\/api.w.org\/{rel}","templated":true}]}}