{"id":2,"date":"2021-10-27T11:29:22","date_gmt":"2021-10-27T09:29:22","guid":{"rendered":"http:\/\/www.festvereintriptis.de\/wordpress\/?page_id=2"},"modified":"2024-02-27T13:18:44","modified_gmt":"2024-02-27T12:18:44","slug":"startseite","status":"publish","type":"page","link":"http:\/\/www.festvereintriptis.de\/wordpress\/","title":{"rendered":"1. Triptiser Stadt- und Festverein"},"content":{"rendered":"\t\t<div data-elementor-type=\"wp-page\" data-elementor-id=\"2\" class=\"elementor elementor-2\">\n\t\t\t\t<div class=\"elementor-element elementor-element-6c7b26ec e-flex e-con-boxed wpr-particle-no wpr-jarallax-no wpr-parallax-no wpr-sticky-section-no e-con e-parent\" data-id=\"6c7b26ec\" data-element_type=\"container\">\n\t\t\t\t\t<div class=\"e-con-inner\">\n\t\t\t\t<div class=\"elementor-element elementor-element-37fd4188 elementor-widget elementor-widget-text-editor\" data-id=\"37fd4188\" data-element_type=\"widget\" data-widget_type=\"text-editor.default\">\n\t\t\t\t<div class=\"elementor-widget-container\">\n\t\t\t\t\t\t\t<!-- wp:paragraph {\"dropCap\":true} -->\n<p class=\"has-drop-cap\">Herzlich Willkommen beim 1. Triptiser Stadt- und Festverein. Wir engagieren uns durch zielgerichtete Ma\u00dfnahmen und Aufgabenstellungen f\u00fcr die St\u00e4rkung unserer Heimatstadt Triptis &#8211; und freuen uns, \u00fcber Ihr Interesse an unserer Vereinsarbeit. Auf den folgenden Seiten stellen wir Ihnen unseren Verein n\u00e4her vor und geben Ihnen einen \u00dcberblick \u00fcber unsere Aktivit\u00e4ten und das Vereinsleben.<\/p>\n<!-- \/wp:paragraph --><!-- wp:paragraph -->\n<p><strong>Ein Jahr nach der Aufnahme in den Geraer Laufcup, wird der Triptiser Stadtwaldlauf eine weitere Laufserie bereichern<\/strong>: Seit der 16. Auflage der Sportveranstaltung werden auf der 10-Kilometer-Runde Wertungspunkte f\u00fcr den Cup des Th\u00fcringer Leichtathletikverbans vergeben.<\/p>\n<!-- \/wp:paragraph --><!-- wp:quote --><!-- \/wp:quote --><!-- wp:paragraph --><!-- \/wp:paragraph -->\t\t\t\t\t\t<\/div>\n\t\t\t\t<\/div>\n\t\t\t\t\t<\/div>\n\t\t\t\t<\/div>\n\t\t<div class=\"elementor-element elementor-element-f40fd8f e-flex e-con-boxed wpr-particle-no wpr-jarallax-no wpr-parallax-no wpr-sticky-section-no e-con e-parent\" data-id=\"f40fd8f\" data-element_type=\"container\">\n\t\t\t\t\t<div class=\"e-con-inner\">\n\t\t<div class=\"elementor-element elementor-element-24611ad e-con-full e-flex wpr-particle-no wpr-jarallax-no wpr-parallax-no wpr-sticky-section-no e-con e-child\" data-id=\"24611ad\" data-element_type=\"container\">\n\t\t\t\t<div class=\"elementor-element elementor-element-aa30bd1 elementor-widget elementor-widget-text-editor\" data-id=\"aa30bd1\" data-element_type=\"widget\" data-widget_type=\"text-editor.default\">\n\t\t\t\t<div class=\"elementor-widget-container\">\n\t\t\t\t\t\t\t<div style=\"text-align: center;\">Stadtwaldlauf 2023: Start 800 Meter<\/div>\t\t\t\t\t\t<\/div>\n\t\t\t\t<\/div>\n\t\t\t\t<div class=\"elementor-element elementor-element-8f07503 elementor-widget elementor-widget-video\" data-id=\"8f07503\" data-element_type=\"widget\" data-settings=\"{&quot;video_type&quot;:&quot;hosted&quot;,&quot;controls&quot;:&quot;yes&quot;}\" data-widget_type=\"video.default\">\n\t\t\t\t<div class=\"elementor-widget-container\">\n\t\t\t\t\t<div class=\"e-hosted-video elementor-wrapper elementor-open-inline\">\n\t\t\t\t\t<video class=\"elementor-video\" src=\"http:\/\/www.festvereintriptis.de\/wordpress\/wp-content\/uploads\/2023\/12\/800m-Start.webm\" controls=\"\" preload=\"metadata\" controlsList=\"nodownload\"><\/video>\n\t\t\t\t<\/div>\n\t\t\t\t<\/div>\n\t\t\t\t<\/div>\n\t\t\t\t<\/div>\n\t\t<div class=\"elementor-element elementor-element-465a1c0 e-con-full e-flex wpr-particle-no wpr-jarallax-no wpr-parallax-no wpr-sticky-section-no e-con e-child\" data-id=\"465a1c0\" data-element_type=\"container\">\n\t\t\t\t<div class=\"elementor-element elementor-element-f3396f7 elementor-widget elementor-widget-text-editor\" data-id=\"f3396f7\" data-element_type=\"widget\" data-widget_type=\"text-editor.default\">\n\t\t\t\t<div class=\"elementor-widget-container\">\n\t\t\t\t\t\t\t<div style=\"text-align: center;\">Stadtwaldlauf 2023: Start 1.200 Meter<\/div>\t\t\t\t\t\t<\/div>\n\t\t\t\t<\/div>\n\t\t\t\t<div class=\"elementor-element elementor-element-c526878 elementor-widget elementor-widget-video\" data-id=\"c526878\" data-element_type=\"widget\" data-settings=\"{&quot;video_type&quot;:&quot;hosted&quot;,&quot;controls&quot;:&quot;yes&quot;}\" data-widget_type=\"video.default\">\n\t\t\t\t<div class=\"elementor-widget-container\">\n\t\t\t\t\t<div class=\"e-hosted-video elementor-wrapper elementor-open-inline\">\n\t\t\t\t\t<video class=\"elementor-video\" src=\"http:\/\/www.festvereintriptis.de\/wordpress\/wp-content\/uploads\/2023\/12\/1200m-Start.webm\" controls=\"\" preload=\"metadata\" controlsList=\"nodownload\"><\/video>\n\t\t\t\t<\/div>\n\t\t\t\t<\/div>\n\t\t\t\t<\/div>\n\t\t\t\t<\/div>\n\t\t\t\t\t<\/div>\n\t\t\t\t<\/div>\n\t\t<div class=\"elementor-element elementor-element-80f9177 e-flex e-con-boxed wpr-particle-no wpr-jarallax-no wpr-parallax-no wpr-sticky-section-no e-con e-parent\" data-id=\"80f9177\" data-element_type=\"container\">\n\t\t\t\t\t<div class=\"e-con-inner\">\n\t\t<div class=\"elementor-element elementor-element-bf958b6 e-con-full e-flex wpr-particle-no wpr-jarallax-no wpr-parallax-no wpr-sticky-section-no e-con e-child\" data-id=\"bf958b6\" data-element_type=\"container\">\n\t\t\t\t<div class=\"elementor-element elementor-element-051e600 elementor-widget elementor-widget-text-editor\" data-id=\"051e600\" data-element_type=\"widget\" data-widget_type=\"text-editor.default\">\n\t\t\t\t<div class=\"elementor-widget-container\">\n\t\t\t\t\t\t\t<div style=\"text-align: center;\">Stadtwaldlauf 2023: Start 5.000 und 10.000 Meter<\/div>\t\t\t\t\t\t<\/div>\n\t\t\t\t<\/div>\n\t\t\t\t<div class=\"elementor-element elementor-element-8d3440e elementor-widget elementor-widget-video\" data-id=\"8d3440e\" data-element_type=\"widget\" data-settings=\"{&quot;video_type&quot;:&quot;hosted&quot;,&quot;controls&quot;:&quot;yes&quot;}\" data-widget_type=\"video.default\">\n\t\t\t\t<div class=\"elementor-widget-container\">\n\t\t\t\t\t<div class=\"e-hosted-video elementor-wrapper elementor-open-inline\">\n\t\t\t\t\t<video class=\"elementor-video\" src=\"http:\/\/www.festvereintriptis.de\/wordpress\/wp-content\/uploads\/2024\/02\/Start-5-10Km-1.webm\" controls=\"\" preload=\"metadata\" controlsList=\"nodownload\"><\/video>\n\t\t\t\t<\/div>\n\t\t\t\t<\/div>\n\t\t\t\t<\/div>\n\t\t\t\t<\/div>\n\t\t<div class=\"elementor-element elementor-element-8e86535 e-con-full e-flex wpr-particle-no wpr-jarallax-no wpr-parallax-no wpr-sticky-section-no e-con e-child\" data-id=\"8e86535\" data-element_type=\"container\">\n\t\t\t\t<\/div>\n\t\t\t\t\t<\/div>\n\t\t\t\t<\/div>\n\t\t<div class=\"elementor-element elementor-element-a57ebbd e-flex e-con-boxed wpr-particle-no wpr-jarallax-no wpr-parallax-no wpr-sticky-section-no e-con e-parent\" data-id=\"a57ebbd\" data-element_type=\"container\">\n\t\t\t\t\t<div class=\"e-con-inner\">\n\t\t\t\t<div class=\"elementor-element elementor-element-c6e6856 elementor-widget__width-inherit elementor-align-left elementor-tablet-align-left elementor-mobile-align-center elementor-widget elementor-widget-xpro-block-quote\" data-id=\"c6e6856\" data-element_type=\"widget\" data-widget_type=\"xpro-block-quote.default\">\n\t\t\t\t<div class=\"elementor-widget-container\">\n\t\t\t<div class=\"xpro-block-quote-wrapper xpro-block-quote-layout-2\">\n\t<div class=\"xpro-block-quote-inner\">\n\t\t\t\t\t<span class=\"xpro-block-quote-icon\">\n\t\t\t<i aria-hidden=\"true\" class=\"fas fa-quote-left\"><\/i>\t\t\t<\/span>\n\t\t\n\t\t<div class=\"xpro-block-quote-content\">\n\t\t\t\n\t\t\t<div class=\"xpro-block-quote-content-wrap\">\n\n\t\t\t\t\t\t\t\t\t<!-- Text -->\n\t\t\t\t\t<p class=\"xpro-block-quote-text\">\"Es zieht langsam Kreise, dass unser Lauf Hand und Fu\u00df hat und dar\u00fcber sind wir sehr froh.\"<\/p>\n\t\t\t\t\n\t\t\t\t<div class=\"xpro-block-quote-desc\">\n\t\t\t\t\t\t\t\t\t\t\t<!-- Title -->\n\t\t\t\t\t\t<span class=\"xpro-block-quote-title\">Michael Horn<\/span>\n\t\t\t\t\t\n\t\t\t\t\t\t\t\t\t\t\t<!-- Designation -->\n\t\t\t\t\t\t<span class=\"xpro-block-quote-designation\">Vorsitzender 1. TSFV e.V, begr\u00fc\u00dft die Aufwertung des Triptiser Stadtwaldlaufs<\/span>\n\t\t\t\t\t\n\t\t\t\t<\/div>\n\t\t\t<\/div>\n\t\t<\/div>\n\t<\/div>\n<\/div>\n\t\t<\/div>\n\t\t\t\t<\/div>\n\t\t\t\t\t<\/div>\n\t\t\t\t<\/div>\n\t\t<div class=\"elementor-element elementor-element-1bf9464 e-flex e-con-boxed wpr-particle-no wpr-jarallax-no wpr-parallax-no wpr-sticky-section-no e-con e-parent\" data-id=\"1bf9464\" data-element_type=\"container\">\n\t\t\t\t\t<div class=\"e-con-inner\">\n\t\t\t\t<div class=\"elementor-element elementor-element-bc48182 elementor-widget elementor-widget-image\" data-id=\"bc48182\" data-element_type=\"widget\" data-widget_type=\"image.default\">\n\t\t\t\t<div class=\"elementor-widget-container\">\n\t\t\t\t\t\t\t\t\t\t<figure class=\"wp-caption\">\n\t\t\t\t\t\t\t\t\t\t<img fetchpriority=\"high\" decoding=\"async\" width=\"750\" height=\"443\" src=\"http:\/\/www.festvereintriptis.de\/wordpress\/wp-content\/uploads\/2023\/12\/stadtwaldlauf_2019_vorbereitung.jpg\" class=\"attachment-large size-large wp-image-142\" alt=\"Stadtwaldlauf 2019: Vorbereitungen\" srcset=\"http:\/\/www.festvereintriptis.de\/wordpress\/wp-content\/uploads\/2023\/12\/stadtwaldlauf_2019_vorbereitung.jpg 800w, http:\/\/www.festvereintriptis.de\/wordpress\/wp-content\/uploads\/2023\/12\/stadtwaldlauf_2019_vorbereitung-300x177.jpg 300w, http:\/\/www.festvereintriptis.de\/wordpress\/wp-content\/uploads\/2023\/12\/stadtwaldlauf_2019_vorbereitung-768x454.jpg 768w\" sizes=\"(max-width: 750px) 100vw, 750px\" \/>\t\t\t\t\t\t\t\t\t\t\t<figcaption class=\"widget-image-caption wp-caption-text\">Zusammenkunft vom 29.September 2018 \u2022 Michael Horn (Vorsitzender 1. TSFV e.V.), Winfried Keller (bis Ende 2018 Vorsitzender KFA Leichtathletik Gera und Organisationsleiter des Geraer Laufcup, seit Januar 2019 ist dies Stephan Krause) und Hein-J\u00fcrgen Leinho\u00df (Abteilungsleiter Leichtathletik des SV-GW-Triptis e.V.).<\/figcaption>\n\t\t\t\t\t\t\t\t\t\t<\/figure>\n\t\t\t\t\t\t\t<\/div>\n\t\t\t\t<\/div>\n\t\t\t\t\t<\/div>\n\t\t\t\t<\/div>\n\t\t\t\t<\/div>\n\t\t","protected":false},"excerpt":{"rendered":"<p>Herzlich Willkommen beim 1. Triptiser Stadt- und Festverein. Wir engagieren uns durch zielgerichtete Ma\u00dfnahmen und Aufgabenstellungen f\u00fcr die St\u00e4rkung unserer Heimatstadt Triptis &#8211; und freuen uns, \u00fcber Ihr Interesse an unserer Vereinsarbeit. Auf den folgenden Seiten stellen wir Ihnen unseren Verein n\u00e4her vor und geben Ihnen einen \u00dcberblick \u00fcber unsere &hellip; <\/p>\n","protected":false},"author":1,"featured_media":0,"parent":0,"menu_order":0,"comment_status":"closed","ping_status":"open","template":"","meta":{"footnotes":""},"class_list":["post-2","page","type-page","status-publish","hentry"],"_links":{"self":[{"href":"http:\/\/www.festvereintriptis.de\/wordpress\/index.php\/wp-json\/wp\/v2\/pages\/2"}],"collection":[{"href":"http:\/\/www.festvereintriptis.de\/wordpress\/index.php\/wp-json\/wp\/v2\/pages"}],"about":[{"href":"http:\/\/www.festvereintriptis.de\/wordpress\/index.php\/wp-json\/wp\/v2\/types\/page"}],"author":[{"embeddable":true,"href":"http:\/\/www.festvereintriptis.de\/wordpress\/index.php\/wp-json\/wp\/v2\/users\/1"}],"replies":[{"embeddable":true,"href":"http:\/\/www.festvereintriptis.de\/wordpress\/index.php\/wp-json\/wp\/v2\/comments?post=2"}],"version-history":[{"count":26,"href":"http:\/\/www.festvereintriptis.de\/wordpress\/index.php\/wp-json\/wp\/v2\/pages\/2\/revisions"}],"predecessor-version":[{"id":1051,"href":"http:\/\/www.festvereintriptis.de\/wordpress\/index.php\/wp-json\/wp\/v2\/pages\/2\/revisions\/1051"}],"wp:attachment":[{"href":"http:\/\/www.festvereintriptis.de\/wordpress\/index.php\/wp-json\/wp\/v2\/media?parent=2"}],"curies":[{"name":"wp","href":"https:\/\/api.w.org\/{rel}","templated":true}]}}

<div data-elementor-type="wp-page" data-elementor-id="2" class="elementor elementor-2">
				<div class="elementor-element elementor-element-6c7b26ec e-flex e-con-boxed wpr-particle-no wpr-jarallax-no wpr-parallax-no wpr-sticky-section-no e-con e-parent" data-id="6c7b26ec" data-element_type="container">
					<div class="e-con-inner">
				<div class="elementor-element elementor-element-37fd4188 elementor-widget elementor-widget-text-editor" data-id="37fd4188" data-element_type="widget" data-widget_type="text-editor.default">
				<div class="elementor-widget-container">
							<!-- wp:paragraph {"dropCap":true} -->
<p class="has-drop-cap">Herzlich Willkommen beim 1. Triptiser Stadt- und Festverein. Wir engagieren uns durch zielgerichtete Maßnahmen und Aufgabenstellungen für die Stärkung unserer Heimatstadt Triptis &#8211; und freuen uns, über Ihr Interesse an unserer Vereinsarbeit. Auf den folgenden Seiten stellen wir Ihnen unseren Verein näher vor und geben Ihnen einen Überblick über unsere Aktivitäten und das Vereinsleben.</p>
<!-- /wp:paragraph --><!-- wp:paragraph -->
<p><strong>Ein Jahr nach der Aufnahme in den Geraer Laufcup, wird der Triptiser Stadtwaldlauf eine weitere Laufserie bereichern</strong>: Seit der 16. Auflage der Sportveranstaltung werden auf der 10-Kilometer-Runde Wertungspunkte für den Cup des Thüringer Leichtathletikverbans vergeben.</p>
<!-- /wp:paragraph --><!-- wp:quote --><!-- /wp:quote --><!-- wp:paragraph --><!-- /wp:paragraph -->						</div>
				</div>
					</div>
				</div>
		<div class="elementor-element elementor-element-f40fd8f e-flex e-con-boxed wpr-particle-no wpr-jarallax-no wpr-parallax-no wpr-sticky-section-no e-con e-parent" data-id="f40fd8f" data-element_type="container">
					<div class="e-con-inner">
		<div class="elementor-element elementor-element-24611ad e-con-full e-flex wpr-particle-no wpr-jarallax-no wpr-parallax-no wpr-sticky-section-no e-con e-child" data-id="24611ad" data-element_type="container">
				<div class="elementor-element elementor-element-aa30bd1 elementor-widget elementor-widget-text-editor" data-id="aa30bd1" data-element_type="widget" data-widget_type="text-editor.default">
				<div class="elementor-widget-container">
							<div style="text-align: center;">Stadtwaldlauf 2023: Start 800 Meter</div>						</div>
				</div>
				<div class="elementor-element elementor-element-8f07503 elementor-widget elementor-widget-video" data-id="8f07503" data-element_type="widget" data-settings="{&quot;video_type&quot;:&quot;hosted&quot;,&quot;controls&quot;:&quot;yes&quot;}" data-widget_type="video.default">
				<div class="elementor-widget-container">
					<div class="e-hosted-video elementor-wrapper elementor-open-inline">
					<video class="elementor-video" src="http://www.festvereintriptis.de/wordpress/wp-content/uploads/2023/12/800m-Start.webm" controls="" preload="metadata" controlsList="nodownload"></video>
				</div>
				</div>
				</div>
				</div>
		<div class="elementor-element elementor-element-465a1c0 e-con-full e-flex wpr-particle-no wpr-jarallax-no wpr-parallax-no wpr-sticky-section-no e-con e-child" data-id="465a1c0" data-element_type="container">
				<div class="elementor-element elementor-element-f3396f7 elementor-widget elementor-widget-text-editor" data-id="f3396f7" data-element_type="widget" data-widget_type="text-editor.default">
				<div class="elementor-widget-container">
							<div style="text-align: center;">Stadtwaldlauf 2023: Start 1.200 Meter</div>						</div>
				</div>
				<div class="elementor-element elementor-element-c526878 elementor-widget elementor-widget-video" data-id="c526878" data-element_type="widget" data-settings="{&quot;video_type&quot;:&quot;hosted&quot;,&quot;controls&quot;:&quot;yes&quot;}" data-widget_type="video.default">
				<div class="elementor-widget-container">
					<div class="e-hosted-video elementor-wrapper elementor-open-inline">
					<video class="elementor-video" src="http://www.festvereintriptis.de/wordpress/wp-content/uploads/2023/12/1200m-Start.webm" controls="" preload="metadata" controlsList="nodownload"></video>
				</div>
				</div>
				</div>
				</div>
					</div>
				</div>
		<div class="elementor-element elementor-element-80f9177 e-flex e-con-boxed wpr-particle-no wpr-jarallax-no wpr-parallax-no wpr-sticky-section-no e-con e-parent" data-id="80f9177" data-element_type="container">
					<div class="e-con-inner">
		<div class="elementor-element elementor-element-bf958b6 e-con-full e-flex wpr-particle-no wpr-jarallax-no wpr-parallax-no wpr-sticky-section-no e-con e-child" data-id="bf958b6" data-element_type="container">
				<div class="elementor-element elementor-element-051e600 elementor-widget elementor-widget-text-editor" data-id="051e600" data-element_type="widget" data-widget_type="text-editor.default">
				<div class="elementor-widget-container">
							<div style="text-align: center;">Stadtwaldlauf 2023: Start 5.000 und 10.000 Meter</div>						</div>
				</div>
				<div class="elementor-element elementor-element-8d3440e elementor-widget elementor-widget-video" data-id="8d3440e" data-element_type="widget" data-settings="{&quot;video_type&quot;:&quot;hosted&quot;,&quot;controls&quot;:&quot;yes&quot;}" data-widget_type="video.default">
				<div class="elementor-widget-container">
					<div class="e-hosted-video elementor-wrapper elementor-open-inline">
					<video class="elementor-video" src="http://www.festvereintriptis.de/wordpress/wp-content/uploads/2024/02/Start-5-10Km-1.webm" controls="" preload="metadata" controlsList="nodownload"></video>
				</div>
				</div>
				</div>
				</div>
		<div class="elementor-element elementor-element-8e86535 e-con-full e-flex wpr-particle-no wpr-jarallax-no wpr-parallax-no wpr-sticky-section-no e-con e-child" data-id="8e86535" data-element_type="container">
				</div>
					</div>
				</div>
		<div class="elementor-element elementor-element-a57ebbd e-flex e-con-boxed wpr-particle-no wpr-jarallax-no wpr-parallax-no wpr-sticky-section-no e-con e-parent" data-id="a57ebbd" data-element_type="container">
					<div class="e-con-inner">
				<div class="elementor-element elementor-element-c6e6856 elementor-widget__width-inherit elementor-align-left elementor-tablet-align-left elementor-mobile-align-center elementor-widget elementor-widget-xpro-block-quote" data-id="c6e6856" data-element_type="widget" data-widget_type="xpro-block-quote.default">
				<div class="elementor-widget-container">
			<div class="xpro-block-quote-wrapper xpro-block-quote-layout-2">
	<div class="xpro-block-quote-inner">
					<span class="xpro-block-quote-icon">
			<i aria-hidden="true" class="fas fa-quote-left"></i>			</span>
		
		<div class="xpro-block-quote-content">
			
			<div class="xpro-block-quote-content-wrap">

									<!-- Text -->
					<p class="xpro-block-quote-text">"Es zieht langsam Kreise, dass unser Lauf Hand und Fuß hat und darüber sind wir sehr froh."</p>
				
				<div class="xpro-block-quote-desc">
											<!-- Title -->
						<span class="xpro-block-quote-title">Michael Horn</span>
					
											<!-- Designation -->
						<span class="xpro-block-quote-designation">Vorsitzender 1. TSFV e.V, begrüßt die Aufwertung des Triptiser Stadtwaldlaufs</span>
					
				</div>
			</div>
		</div>
	</div>
</div>
		</div>
				</div>
					</div>
				</div>
		<div class="elementor-element elementor-element-1bf9464 e-flex e-con-boxed wpr-particle-no wpr-jarallax-no wpr-parallax-no wpr-sticky-section-no e-con e-parent" data-id="1bf9464" data-element_type="container">
					<div class="e-con-inner">
				<div class="elementor-element elementor-element-bc48182 elementor-widget elementor-widget-image" data-id="bc48182" data-element_type="widget" data-widget_type="image.default">
				<div class="elementor-widget-container">
										<figure class="wp-caption">
										<img fetchpriority="high" decoding="async" width="750" height="443" src="http://www.festvereintriptis.de/wordpress/wp-content/uploads/2023/12/stadtwaldlauf_2019_vorbereitung.jpg" class="attachment-large size-large wp-image-142" alt="Stadtwaldlauf 2019: Vorbereitungen" srcset="http://www.festvereintriptis.de/wordpress/wp-content/uploads/2023/12/stadtwaldlauf_2019_vorbereitung.jpg 800w, http://www.festvereintriptis.de/wordpress/wp-content/uploads/2023/12/stadtwaldlauf_2019_vorbereitung-300x177.jpg 300w, http://www.festvereintriptis.de/wordpress/wp-content/uploads/2023/12/stadtwaldlauf_2019_vorbereitung-768x454.jpg 768w" sizes="(max-width: 750px) 100vw, 750px" />											<figcaption class="widget-image-caption wp-caption-text">Zusammenkunft vom 29.September 2018 • Michael Horn (Vorsitzender 1. TSFV e.V.), Winfried Keller (bis Ende 2018 Vorsitzender KFA Leichtathletik Gera und Organisationsleiter des Geraer Laufcup, seit Januar 2019 ist dies Stephan Krause) und Hein-Jürgen Leinhoß (Abteilungsleiter Leichtathletik des SV-GW-Triptis e.V.).</figcaption>
										</figure>
							</div>
				</div>
					</div>
				</div>
				</div>

<p>Herzlich Willkommen beim 1. Triptiser Stadt- und Festverein. Wir engagieren uns durch zielgerichtete Maßnahmen und Aufgabenstellungen für die Stärkung unserer Heimatstadt Triptis &#8211; und freuen uns, über Ihr Interesse an unserer Vereinsarbeit. Auf den folgenden Seiten stellen wir Ihnen unseren Verein näher vor und geben Ihnen einen Überblick über unsere &hellip; </p>
